 base 7
-24
What is 38 (base 16) in base 10?
56
What is 91 (base 16) in base 3?
12101
What is 4 (base 14) in base 15?
4
-12 (base 3) to base 16
-5
100 (base 3) to base 2
1001
Convert -202 (base 4) to base 11.
-31
37 (base 9) to base 12
2a
Convert 133 (base 7) to base 2.
1001001
Convert 0 (base 8) to base 2.
0
What is -1 (base 9) in base 12?
-1
What is 2 (base 7) in base 14?
2
1 (base 16) to base 13
1
What is 112 (base 3) in base 12?
12
Convert 140 (base 12) to base 6.
520
6 (base 10) to base 12
6
Convert -28 (base 9) to base 16.
-1a
What is b (base 12) in base 3?
102
1 (base 5) to base 8
1
What is 0 (base 13) in base 11?
0
249 (base 11) to base 7
601
Convert 9 (base 13) to base 12.
9
-12 (base 10) to base 5
-22
-132 (base 5) to base 4
-222
What is -58 (base 10) in base 4?
-322
81 (base 15) to base 12
a1
45 (base 11) to base 4
301
What is 113 (base 14) in base 3?
21220
2 (base 6) to base 8
2
What is 101210 (base 3) in base 6?
1203
Convert -121 (base 3) to base 15.
-11
What is -20 (base 6) in base 11?
-11
Convert -176 (base 9) to base 12.
-106
Convert 174 (base 10) to base 8.
256
Convert 111 (base 2) to base 9.
7
Convert -171 (base 11) to base 8.
-307
4 (base 13) to base 10
4
0 (base 4) to base 6
0
What is -14 (base 5) in base 11?
-9
8 (base 13) to base 12
8
What is -11000 (base 2) in base 16?
-18
1000 (base 4) to base 3
2101
-6 (base 12) to base 4
-12
What is 5 (base 9) in base 10?
5
Convert 1 (base 10) to base 7.
1
What is 10 (base 5) in base 16?
5
-30 (base 15) to base 8
-55
0 (base 16) to base 5
0
Convert -62 (base 9) to base 8.
-70
-10 (base 6) to base 12
-6
6 (base 14) to base 7
6
What is -30 (base 11) in base 16?
-21
34 (base 9) to base 10
31
-1 (base 13) to base 6
-1
What is 3 (base 8) in base 15?
3
What is 442 (base 5) in base 7?
233
Convert 5 (base 10) to base 15.
5
Convert -60 (base 14) to base 12.
-70
-1 (base 7) to base 13
-1
What is 3 (base 5) in base 8?
3
What is 8 (base 15) in base 10?
8
Convert 1 (base 16) to base 12.
1
What is 28 (base 11) in base 14?
22
Convert -412 (base 10) to base 8.
-634
What is -9 (base 14) in base 9?
-10
1001010 (base 2) to base 4
1022
What is 1101100 (base 2) in base 9?
130
-111 (base 4) to base 15
-16
Convert -1100110 (base 2) to base 12.
-86
-10 (base 8) to base 12
-8
12 (base 7) to base 5
14
Convert 2220 (base 3) to base 14.
58
Convert 1 (base 13) to base 10.
1
What is -114 (base 6) in base 8?
-56
Convert 39 (base 11) to base 8.
52
Convert -36 (base 9) to base 13.
-27
Convert -168 (base 10) to base 6.
-440
0 (base 3) to base 12
0
Convert -2 (base 9) to base 3.
-2
What is -a (base 15) in base 3?
-101
Convert -2c (base 13) to base 8.
-46
What is 4 (base 13) in base 8?
4
What is 27 (base 10) in base 8?
33
What is 8 (base 13) in base 10?
8
Convert -33 (base 15) to base 12.
-40
64 (base 7) to base 10
46
Convert -2 (base 14) to base 7.
-2
What is 166 (base 9) in base 14?
a1
What is 0 (base 16) in base 9?
0
What is 1 (base 4) in base 13?
1
Convert -132 (base 5) to base 13.
-33
Convert 4 (base 6) to base 12.
4
2 (base 14) to base 11
2
2 (base 5) to base 15
2
a (base 16) to base 10
10
What is 321 (base 4) in base 11?
52
3e (base 15) to base 11
54
Convert 1d (base 14) to base 12.
23
-19 (base 12) to base 5
-41
Convert 3 (base 15) to base 14.
3
What is -104 (base 8) in base 14?
-4c
Convert f (base 16) to base 5.
30
What is 15 (base 7) in base 16?
c
1 (base 11) to base 9
1
Convert -65 (base 7) to base 2.
-101111
Convert -b4 (base 13) to base 9.
-173
-104 (base 5) to base 16
-1d
What is 1 (base 11) in base 14?
1
1 (base 5) to base 14
1
2123 (base 4) to base 14
b1
Convert 11100000 (base 2) to base 8.
340
-48 (base 11) to base 4
-310
What is -1122 (base 5) in base 12?
-116
Convert -120 (base 3) to base 2.
-1111
What is -1 (base 15) in base 8?
-1
What is 2 (base 11) in base 9?
2
-b (base 13) to base 12
-b
What is 1a (base 14) in base 12?
20
What is -1 (base 13) in base 12?
-1
-17 (base 15) to base 16
-16
Convert 2002 (base 3) to base 13.
44
223 (base 5) to base 7
120
Convert -1000 (base 2) to base 3.
-22
-201 (base 4) to base 3
-1020
Convert 0 (base 7) to base 15.
0
What is 1110101 (base 2) in base 5?
432
Convert 0 (base 8) to base 5.
0
-2 (base 13) to base 16
-2
Convert 74 (base 8) to base 3.
2020
Convert 0 (base 10) to base 15.
0
What is -125 (base 10) in base 9?
-148
What is -1a (base 12) in base 13?
-19
What is -30 (base 7) in base 8?
-25
What is 8 (base 13) in base 11?
8
250 (base 6) to base 11
93
Convert -115 (base 7) to base 4.
-331
35 (base 6) to base 8
27
7 (base 16) to base 8
7
Convert -22 (base 12) to base 15.
-1b
-212 (base 6) to base 15
-55
-474 (base 8) to base 12
-224
Convert -46 (base 16) to base 5.
-240
What is -8 (base 10) in base 8?
-10
6 (base 10) to base 14
6
0 (base 2) to base 5
0
Convert 2 (base 10) to base 14.
2
-22 (base 5) to base 8
-14
Convert 16 (base 13) to base 6.
31
What is -2 (base 10) in base 6?
-2
Convert 27b (base 12) to base 4.
11333
What is -50 (base 8) in base 3?
-1111
What is 7 (base 12) in base 9?
7
Convert 217 (base 9) to base 7.
343
Convert -68 (base 12) to base 15.
-55
Convert -5 (base 10) to base 8.
-5
-110101 (base 2) to base 10
-53
What is 4 (base 13) in base 9?
4
cc (base 16) to base 4
3030
-12020 (base 3) to base 10
-141
What is 0 (base 3) in base 14?
0
Convert -22 (base 16) to base 14.
-26
-526 (base 8) to base 7
-666
What is 4 (base 14) in base 13?
4
Convert 4 (base 13) to base 4.
10
What is 1 (base 11) in base 8?
1
What is -3 (base 9) in base 14?
-3
What is -3 (base 16) in base 2?
-11
What is 7 (base 8) in base 5?
12
-9 (base 14) to base 2
-1001
-22 (base 9) to base 5
-40
Convert -11 (base 9) to base 16.
-a
8 (base 13) to base 8
10
What is 121 (base 8) in base 5?
311
What is -22110 (base 3) in base 7?
-444
What is -6e (base 16) in base 15?
-75
Convert a (base 13) to base 12.
a
Convert -9 (base 11) to base 2.
-1001
What is 141 (base 5) in base 9?
51
-23 (base 4) to base 5
-21
115 (base 10) to base 4
1303
Convert 6 (base 13) to base 10.
6
7 (base 9) to base 3
21
What is -23 (base 12) in base 11?
-25
What is -4 (base 9) in base 14?
-4
Convert 7 (base 10) to base 15.
7
Convert 61 (base 9) to base 16.
37
-423 (base 5) to base 2
-1110001
Convert -1 (base 3) to base 15.
-1
62 (base 11) to base 15
48
What is 2 (base 16) in base 10?
2
-3 (base 4) to base 11
-3
Convert 0 (base 16) to base 8.
0
Convert 3 (base 11) to base 9.
3
-21 (base 11) to base 5
-43
Convert -100 (base 3) to base 12.
-9
Convert -1 (base 5) to base 6.
-1
35 (base 8) to base 13
23
Convert 46 (base 15) to base 9.
73
-1223 (base 4) to base 8
-153
-2 (base 5) to base 6
-2
Convert -11022 (base 3) to base 2.
-1110100
What is -1e (base 16) in base 15?
-20
What is 5 (base 14) in base 15?
5
Convert 2 (base 9) to base 13.
2
What is -3 (base 13) in base 9?
-3
1 (base 9) to base 10
1
103 (base 6) to base 5
124
10 (base 2) to base 14
2
Convert -5 (base 6) to base 10.
-5
Convert -12 (base 8) to base 2.
-1010
What is -1 (base 16) in base 10?
-1
What is -11 (base 2) in base 5?
-3
5 (base 12) to base 13
5
What is -26 (base 13) in base 9?
-35
What is 5 (base 6) in base 7?
5
2 (base 9) to base 8
2
Convert 10 (base 3) to base 15.
3
What is -2 (base 16) in base 7?
-2
What is -98 (base 16) in base 2?
-10011000
What is 7 (base 9) in base 8?
7
What is 122 (base 3) in base 8?
21
Convert -10120 (base 3) to base 2.
-1100000
-1052 (base 6) to base 12
-188
What is 135 (base 6) in base 5?
214
3 (base 16) to base 13
3
-1c (base 16) to base 11
-26
What is -5 (base 14) in base 3?
-12
Convert 11 (base 3) to base 13.
4
Convert 1312 (base 4) to base 16.
76
What is 403 (base 5) in base 12?
87
Convert 15 (base 8) to base 4.
31
Convert 20 (base 4) to base 14.
8
Convert 158 (base 9) to base 7.
251
-3 (base 7) to base 9
-3
Convert -2 (base 16) to base 4.
-2
-3 (base 5) to base 10
-3
-14 (base 7) to base 13
-b
-19 (base 12) to base 7
-30
Convert -21 (base 4) to base 3.
-100
What is 71 (base 14) in base 5?
344
Convert -130 (base 4) to base 10.
-28
Convert -3 (base 4) to base 2.
-11
What is 1231 (base 6) in base 10?
307
Convert 16 (base 12) to base 4.
102
Convert 14 (base 16) to base 7.
26
5d (base 15) to base 11
80
2 (base 5) to base 7
2
263 (base 8) to base 14
cb
Convert -10c (base 16) to base 9.
-327
Convert 59 (base 10) to base 4.
323
What i